6)/((3/4)/(9/6)). What is the greatest common factor of n and v?
1
Suppose h = 2*k + 18 + 21, 3*h - 5*k - 112 = 0. Let o = 22 - 10. Let m be (o/24)/((-2)/(-232)). What is the highest common factor of m and h?
29
Let y(b) = -47*b - 103. Suppose 29 = -25*u - 96. Let i be y(u). What is the highest common divisor of i and 3?
3
Let v(f) = 20*f**2 + 471*f + 7. Let p be v(-25). Calculate the greatest common factor of 60 and p.
12
Let i be (-32)/(-48)*2*30/(-16)*-118. Calculate the greatest common factor of i and 4366.
59
Suppose 4*a + 4*h - 302 - 22 = 0, 0 = 2*a - 5*h - 155. Let w = 89 - a. What is the greatest common divisor of w and 99?
9
Let c(a) = a**3 + 8*a**2 + 10*a + 57. Let u be c(-7). What is the highest common factor of u and 2358?
18
Let f(b) = b**3 + 20*b**2 - 3*b - 85. Let t be f(-16). Calculate the highest common factor of 21 and t.
21
Let u(a) = -a**2 + 25*a + 114. Let b be u(17). Calculate the greatest common divisor of 90 and b.
10
Let r(l) = l**3 + 5*l**2 - 2*l - 2. Let f be r(-3). Suppose 1925*d = 1938*d - 429. What is the highest common factor of d and f?
11
Suppose 2*o - 73 - 101 = 0. Let s = -10263 + 10292. What is the highest common factor of s and o?
29
Let n = 2851 + 2339. What is the highest common divisor of n and 90?
30
Suppose 221*w - 3057 - 103 = 4796. Calculate the highest common factor of 21744 and w.
36
Let y be 121 + 355 + 1 + -12. Let a = -16 + 31. Calculate the greatest common divisor of y and a.
15
Let s = 111 + -95. Suppose 4*b = -s*b + 80. Calculate the greatest common divisor of 3 and b.
1
Let z be (-30)/(((-102)/680)/(2/10)). Calculate the highest common factor of z and 680.
40
Let x be 62/403 + 48*150/13. Suppose 2*n - v = -0*n + x, 0 = 3*n - 4*v - 841. What is the greatest common divisor of n and 11?
11
Suppose -5*n + 1656 = -0*g - 4*g, 4*g + 1680 = -n. Let w = g + 427. Calculate the highest common divisor of 6 and w.
2
Suppose 0 = 2*r + 2*r - 32. Suppose -259 = 16*u + 21*u. Let g = r - u. Calculate the highest common factor of 45 and g.
15
Let d = 150 + -90. Let g(c) = c**3 - 11*c**2 + 28*c + 4. Let w be g(7). Suppose w = -i, 0 = -2*q - 0*q - 5*i + 4. What is the greatest common factor of q and d?
12
Let z = -36 + 69. Let l be (3 - 51/(-5))*(12 + 5 + -12). Calculate the greatest common factor of z and l.
33
Suppose -44*v + 5*v + 110544 = 8*v. What is the highest common divisor of v and 144?
48
Let t be ((-1245)/(-75) - 16) + (-97)/(-5). Suppose -10*h = -5*h - 3200. What is the highest common divisor of t and h?
20
Let c be -4368*(8 - ((-9)/(-6) + 7)). What is the greatest common factor of 1274 and c?
182
Suppose 3*h - r - 981 = 0, 1136 = 4*h - 4*r - 188. Calculate the highest common factor of h and 2080.
65
Let g(l) = -8*l + 218. Let d be g(19). Suppose -17*u = -20*u + d. What is the highest common divisor of u and 616?
22
Let m(t) = 755*t**2 - 3*t - 4. Let r be m(-1). Suppose r*o = 751*o + 39. Calculate the greatest common divisor of 377 and o.
13
Let y = 268 + -77. Let t = y + -105. Suppose -2*d + 4*m = -34, t = 3*d + d - 2*m. What is the highest common divisor of d and 207?
23
Let k be 0*(-6)/24 + 24. Suppose 4*z - z + 4*l - k = 0, z = -4*l + 16. Let g(b) = 24*b + 39. Let o be g(z). What is the greatest common divisor of 27 and o?
27
Suppose 4*r = 5*l + 103, 10*r - 119 = 5*r + 3*l. What is the greatest common divisor of r and 352?
22
Suppose -1859*d + 1697*d = -224532. Calculate the highest common factor of 506 and d.
22
Let x(y) = -2*y**3 - 34*y**2 + 3*y - 22. Let k be x(-17). Let t = k + 169. What is the greatest common factor of 64 and t?
32
Suppose 33*n - 11*n - 46596 = 0. Suppose 2346 = 62*s - n. What is the greatest common divisor of s and 192?
24
Let i(k) = k**3 - 3*k + 5. Let r be i(5). Suppose -4*o + 20*o = 1472. What is the highest common divisor of o and r?
23
Let n = -321 - -481. What is the highest common divisor of n and 1184?
32
Let j = 1444 - 1183. Calculate the greatest common divisor of j and 9.
9
Suppose -2*z = a - 12, -z - 2*a = -8 + 2. Let p = 7317 + -7302. What is the greatest common factor of p and z?
3
Let m = 209 + -111. Let n(u) = -321*u - 73362. Let x be n(-229). Calculate the greatest common factor of m and x.
49
Let d = 10 + -7. Suppose 2*y + f - 29 = 0, 0*y + 4*f = d*y - 27. Let i be (-4)/((-54)/y - -4). Calculate the highest common divisor of i and 13.
13
Let o(t) = -3*t + 62. Suppose -25*f - 494 = -12*f. Let m be o(f). Calculate the greatest common factor of m and 66.
22
Suppose 4*u - 37 = 3*l, 0 = -4*l + 5*l - 5. Let z be 4*-1 + (u - -22). What is the highest common divisor of 341 and z?
31
Let s = 3 - 21. Let a be (s/(-15))/(33/220). What is the greatest common factor of a and 104?
8
Suppose 5*p - 251 = -2*w - 143, 0 = 3*w + 3*p - 153. Calculate the highest common divisor of w and 1519.
49
Let c(m) = -3*m**2 + 27*m - 11. Let z be c(11). Let o = 79 + z. Let h be 4*(3/(-4) - -1*o). What is the highest common factor of h and 2?
1
Let p be -27*((-44)/6)/1. Suppose -156 - 592 = 4*m - 38*m. Calculate the greatest common divisor of p and m.
22
Let a be (-3510)/(-8775) + ((-43)/(-5))/1. Calculate the highest common divisor of 1899 and a.
9
Let g = -9 + 22. Suppose 13*a - 2093 = -10*a. What is the highest common factor of a and g?
13
Let s(z) = 15*z**2 - 115*z - 120. Let v be s(14). Calculate the highest common factor of 170 and v.
10
Let w be ((1152/20)/(-4))/(10/(-25)). Calculate the greatest common divisor of 16 and w.
4
Let n = 10 + -20. Let f be 48/n*5/(-2). Suppose 8*a - 4*a = f. Calculate the highest common divisor of a and 33.
3
Let f = -568 + 519. Suppose 3*z - 10 = -v + 4, 4*v - 3*z = -4. Let w be v + (20/(-7))/(14/f). Calculate the highest common divisor of w and 30.
6
Suppose -4*v + 24 = -12*v. Let y be v/66*-4 - 1970/(-55). Calculate the greatest common factor of y and 96.
12
Let y be ((-208)/312)/(1/3)*-1158. Calculate the greatest common factor of 24 and y.
12
Let s be 8/(-3)*(-93)/4*206. Calculate the highest common factor of 124 and s.
124
Let r(m) = -6*m - 9. Let s be r(-2). Suppose 6*t = -s*t - 531. Let l = -47 - t. What is the highest common divisor of l and 24?
12
Let i = 441 - 381. Suppose -d - 3*j + i = 0, 4*d - 3*j + 123 = 6*d. Calculate the highest common factor of d and 315.
63
Suppose 0 = -3*l + 4*d - d + 21, -4*l = -2*d - 18. Suppose l*x + 18 - 10 = 0. Let j be 1 + 4/(-8) + (-90)/x. What is the highest common factor of 23 and j?
23
Let m(q) = -q**3 + 14*q**2 + 14*q + 15. Let p be m(15). Suppose p = -4*b + 13 + 31. Calculate the greatest common divisor of b and 253.
11
Let u = -3 + -4. Let m(y) = -47*y**2 - 44*y**2 - 15 + 92*y**2 + 4*y. Let s be m(u). What is the highest common factor of s and 2?
2
Suppose 0 = -8*u - 187 + 171. Let a be (-454)/(-4) - ((-9)/u)/(-9). Calculate the greatest common factor of 76 and a.
38
Suppose -10*t + 910 = -8*t + 2*n, t = -5*n + 475. Suppose -y - 50 = -3*w, -18 = -2*w + y + 17. Calculate the highest common divisor of t and w.
15
Suppose v = 1 + 3. Suppose j + 2*x - 22 = 0, 383*x = -3*j + 384*x + 66. Calculate the highest common divisor of v and j.
2
Let f be (1516/6)/(-12 - (-238)/21). Let p = f + 427. Calculate the highest common factor of p and 144.
48
Let m = -16950 + 23292. What is the highest common divisor of m and 1208?
302
Suppose 5*r + 300 = 168*m - 164*m, 4*r = -5*m + 416. What is the highest common factor of m and 6320?
80
Suppose -79*z - 69760 = -304390. What is the greatest common divisor of z and 45?
45
Let d be 5/(350/(-20))*-6713. Calculate the highest common divisor of 14 and d.
14
Let s = -88 - -103. Let d be s*3/9*(-12)/10. Let r(b) = -5*b - 23. Let k be r(d). Calculate the greatest common divisor of k and 28.
7
Suppose 8695 = 384*n - 347*n. What is the greatest common divisor of n and 28435?
235
Let a(g) = g**2 - 9*g - 27. Suppose -5*v + p + 59 = 0, -5*v + 5*p = p - 56. Let j be a(v). Let o = j + 17. What is the highest common factor of 26 and o?
26
Let y be (-568)/(-26) - ((-210)/195)/7. What is the greatest common divisor of 20438 and y?
22
Let t(y) = 6*y + 30. Let x be t(-5). Suppose 3*g + 2 = 5*g + 4*f, x = 3*g + 2*f - 3. Let k be (4/4)/(g/3). What is the greatest common divisor of k and 6?
3
Let z(l) = -l**2 + 21*l + 429. Let r be z(21). What is the highest common divisor of r and 264?
33
Le